{"id":932,"date":"2015-11-27T07:52:30","date_gmt":"2015-11-27T07:52:30","guid":{"rendered":"http:\/\/test.loc\/?page_id=932"},"modified":"2025-11-11T07:52:58","modified_gmt":"2025-11-11T04:52:58","slug":"auto-loan-calculator","status":"publish","type":"page","link":"https:\/\/apl.geoecomar.ro\/euroleasing\/auto-loan-calculator\/","title":{"rendered":"Auto Loan Calculator"},"content":{"rendered":"\t\t<div data-elementor-type=\"wp-page\" data-elementor-id=\"932\" class=\"elementor elementor-932\" data-elementor-post-type=\"page\">\n\t\t\t\t\t\t<section class=\"elementor-section elementor-top-section elementor-element elementor-element-db42d8c elementor-section-boxed elementor-section-height-default elementor-section-height-default\" data-id=\"db42d8c\" data-element_type=\"section\">\n\t\t\t\t\t\t<div class=\"elementor-container elementor-column-gap-default\">\n\t\t\t\t\t<div class=\"elementor-column elementor-col-100 elementor-top-column elementor-element elementor-element-4bfc04f\" data-id=\"4bfc04f\" data-element_type=\"column\">\n\t\t\t<div class=\"elementor-widget-wrap elementor-element-populated\">\n\t\t\t\t\t\t<div class=\"elementor-element elementor-element-62514a9 elementor-widget elementor-widget-text-editor\" data-id=\"62514a9\" data-element_type=\"widget\" data-widget_type=\"text-editor.default\">\n\t\t\t\t\t\t\t\t\t<div class=\"wpb_text_column wpb_content_element vc_custom_1450931000474\"><div class=\"wpb_wrapper\"><h4>Foloseste acest calculator de leasing auto pentru a estima ratele lunare. Pur \u0219i simplu introdu suma imprumutului, perioada si rata dobanzii pentru a calcula plata lunara a leasingului auto.<\/h4><\/div><\/div>\t\t\t\t\t\t\t\t<\/div>\n\t\t\t\t\t<\/div>\n\t\t<\/div>\n\t\t\t\t\t<\/div>\n\t\t<\/section>\n\t\t\t\t<section class=\"elementor-section elementor-top-section elementor-element elementor-element-9fdd120 elementor-section-boxed elementor-section-height-default elementor-section-height-default\" data-id=\"9fdd120\" data-element_type=\"section\">\n\t\t\t\t\t\t<div class=\"elementor-container elementor-column-gap-default\">\n\t\t\t\t\t<div class=\"elementor-column elementor-col-50 elementor-top-column elementor-element elementor-element-4dd49b5\" data-id=\"4dd49b5\" data-element_type=\"column\">\n\t\t\t<div class=\"elementor-widget-wrap elementor-element-populated\">\n\t\t\t\t\t\t<div class=\"elementor-element elementor-element-1308cba elementor-widget elementor-widget-shortcode\" data-id=\"1308cba\" data-element_type=\"widget\" data-widget_type=\"shortcode.default\">\n\t\t\t\t\t\t\t<div class=\"elementor-shortcode\">        <div class=\"elc-wrap\" id=\"leasecalc_82973635-a722-4b09-819e-1e088ed54d44\">\n            <div class=\"elc-card\">\n                <h3 class=\"elc-title\">Calculator leasing*<\/h3>\n\n                <div class=\"elc-grid\">\n                    <!-- Pre\u021b -->\n                    <label class=\"elc-field\">\n                        <span>Pret (\u20ac)<\/span>\n                        <input type=\"number\" class=\"elc-input\" data-elc=\"price\" step=\"0.01\" min=\"0\" value=\"10000\" \/>\n                        <!--<small class=\"elc-subnote\">\n                            <em><\/\/?php echo esc_html( filter_var($atts['price_includes_vat'], FILTER_VALIDATE_BOOLEAN) ? 'Valoarea introdus\u0103 include TVA' : 'Valoarea introdus\u0103 NU include TVA' ); ?><\/em>\n                        <\/small>-->\n                    <\/label>\n\n                    <!-- Avans % -->\n                    <label class=\"elc-field\">\n                        <span>Avans (%)<\/span>\n                        <input type=\"number\" class=\"elc-input\" data-elc=\"downPercent\"\n                            min=\"0\"\n                            max=\"80\"\n                            step=\"1\"\n                            value=\"10\" \/>\n                    <\/label>\n\n                    <!-- Perioad\u0103 -->\n                    <label class=\"elc-field\">\n                        <span>Perioada (luni)<\/span>\n                        <input type=\"number\" class=\"elc-input\" data-elc=\"months\"\n                            min=\"12\"\n                            max=\"84\"\n                            step=\"12\"\n                            value=\"60\" \/>\n                    <\/label>\n\n                    <!-- Dob\u00e2nd\u0103 p.a. -->\n                    <label class=\"elc-field\">\n                        <span>Dobanda (%)<\/span>\n                        <input type=\"number\" class=\"elc-input\" data-elc=\"interestAnnual\"\n                            min=\"0.1\"\n                            max=\"20\"\n                            step=\"0.1\"\n                            value=\"4.5\" \/>\n                    <\/label>\n                <\/div>\n\n                <!--<button class=\"elc-btn\" data-elc=\"calc\"><\/\/?php echo esc_html($atts['submit_label']); ?><\/button>-->\n\n                <div class=\"elc-result\">\n                    <div class=\"elc-row\">\n                        <div class=\"elc-k\">Rata lunara estimata<\/div>\n                        <div class=\"elc-v\" data-elc=\"monthly\">\u2014<\/div>\n                    <\/div>\n                    <div class=\"elc-row\">\n                        <div class=\"elc-k\">Cost total estimat<\/div>\n                        <div class=\"elc-v\" data-elc=\"total\">\u2014<\/div>\n                    <\/div>\n                <\/div>\n\n                \n            <\/div>\n        <\/div>\n        \n<\/div>\n\t\t\t\t\t\t<\/div>\n\t\t\t\t<div class=\"elementor-element elementor-element-b27d0d9 elementor-widget elementor-widget-stm-icon-box\" data-id=\"b27d0d9\" data-element_type=\"widget\" data-widget_type=\"stm-icon-box.default\">\n\t\t\t\t<div class=\"elementor-widget-container\">\n\t\t\t\t\t\n\t<div class=\"icon-box stm-layout-box-car_dealer  no-icon\">\n\t\t<div class=\"boat-line\"><\/div>\n\t\t\t\t<div class=\"icon-text\">\n\t\t\t\t\t\t\t\t<div class=\"content heading-font\">\n\t\t\t\t<h6><em>* Calcul estimativ. Pentru un calcul exact va invitam la biroul nostru din\u00a0<a href=\"https:\/\/apl.geoecomar.ro\/euroleasing\/contact\/\" target=\"_blank\" rel=\"noopener\">Splaiul Unirii 865H Bucuresti.<\/a><\/em><\/h6>\t\t\t<\/div>\n\t\t\t\t\t<\/div>\n\t\t<\/div>\n\n\t\t\t\t\t<\/div>\n\t\t\t\t<\/div>\n\t\t\t\t\t<\/div>\n\t\t<\/div>\n\t\t\t\t<div class=\"elementor-column elementor-col-50 elementor-top-column elementor-element elementor-element-7b6352f\" data-id=\"7b6352f\" data-element_type=\"column\">\n\t\t\t<div class=\"elementor-widget-wrap elementor-element-populated\">\n\t\t\t\t\t\t<div class=\"elementor-element elementor-element-74913bb elementor-widget elementor-widget-shortcode\" data-id=\"74913bb\" data-element_type=\"widget\" data-widget_type=\"shortcode.default\">\n\t\t\t\t\t\t\t<div class=\"elementor-shortcode\">    <div class=\"elc-breakdown-card\">\n        <div class=\"elc-card\">\n            <h3 class=\"elc-title\">Detalii costuri<\/h3>\n            <ul class=\"elc-breakdown-list\">\n                <li>\n                    <span class=\"elc-k\">Pre\u021b CIP (f\u0103r\u0103 TVA):<\/span>\n                    <span class=\"elc-v\" data-elc=\"priceNet\">\u2014<\/span>\n                <\/li>\n                <li>\n                    <span class=\"elc-k\">Pre\u021b cu TVA:<\/span>\n                    <span class=\"elc-v\" data-elc=\"priceGross\">\u2014<\/span>\n                <\/li>\n                <li>\n                    <span class=\"elc-k\">Avans (valoare, f\u0103r\u0103 TVA):<\/span>\n                    <span class=\"elc-v\" data-elc=\"downAmount\">\u2014<\/span>\n                <\/li>\n                <li>\n                    <span class=\"elc-k\">Valoare finan\u021bat\u0103 (f\u0103r\u0103 TVA):<\/span>\n                    <span class=\"elc-v\" data-elc=\"financed\">\u2014<\/span>\n                <\/li>\n                <li>\n                    <span class=\"elc-k\">Valoare rezidual\u0103 (f\u0103r\u0103 TVA):<\/span>\n                    <span class=\"elc-v\" data-elc=\"residual\">\u2014<\/span>\n                <\/li>\n                <li>\n                    <span class=\"elc-k\">Tax\u0103 management (upfront, f\u0103r\u0103 TVA):<\/span>\n                    <span class=\"elc-v\" data-elc=\"mgmtUpfront\">\u2014<\/span>\n                <\/li>\n                <li>\n                    <span class=\"elc-k\">Comision gestiune lunar (f\u0103r\u0103 TVA):<\/span>\n                    <span class=\"elc-v\" data-elc=\"mgmtMonthly\">\u2014<\/span>\n                <\/li>\n                <li>\n                    <span class=\"elc-k\">Total comision gestiune (toate lunile):<\/span>\n                    <span class=\"elc-v\" data-elc=\"mgmtMonthlyTotal\">\u2014<\/span>\n                <\/li>\n                <li>\n                    <span class=\"elc-k\">Principal rambursat (f\u0103r\u0103 TVA):<\/span>\n                    <span class=\"elc-v\" data-elc=\"principal\">\u2014<\/span>\n                <\/li>\n                <li>\n                    <span class=\"elc-k\">Dob\u00e2nd\u0103 total\u0103:<\/span>\n                    <span class=\"elc-v\" data-elc=\"interestTotal\">\u2014<\/span>\n                <\/li>\n                <!--<li>\n                    <span class=\"elc-k\"><\/\/?php echo esc_html($atts['fees_label']); ?>:<\/span>\n                    <span class=\"elc-v\" data-elc=\"fees\">\u2014<\/span>\n                <\/li>\n                <li>\n                    <span class=\"elc-k\"><\/\/?php echo esc_html($atts['insurance_label']); ?>:<\/span>\n                    <span class=\"elc-v\" data-elc=\"insurance\">\u2014<\/span>\n                <\/li>-->\n            <\/ul>\n        <\/div>\n    <\/div>\n    \n<\/div>\n\t\t\t\t\t\t<\/div>\n\t\t\t\t\t<\/div>\n\t\t<\/div>\n\t\t\t\t\t<\/div>\n\t\t<\/section>\n\t\t\t\t<\/div>\n\t\t","protected":false},"excerpt":{"rendered":"<p>Foloseste acest calculator de leasing auto pentru a estima ratele lunare. Pur \u0219i simplu introdu suma imprumutului, perioada si rata dobanzii pentru a calcula plata lunara a leasingului auto. * Calcul estimativ. Pentru un calcul exact va invitam la biroul nostru din\u00a0Splaiul Unirii 865H Bucuresti.<\/p>\n","protected":false},"author":1,"featured_media":0,"parent":0,"menu_order":0,"comment_status":"closed","ping_status":"closed","template":"","meta":{"_monsterinsights_skip_tracking":false,"_monsterinsights_sitenote_active":false,"_monsterinsights_sitenote_note":"","_monsterinsights_sitenote_category":0,"footnotes":""},"class_list":["post-932","page","type-page","status-publish","hentry"],"_links":{"self":[{"href":"https:\/\/apl.geoecomar.ro\/euroleasing\/wp-json\/wp\/v2\/pages\/932","targetHints":{"allow":["GET"]}}],"collection":[{"href":"https:\/\/apl.geoecomar.ro\/euroleasing\/wp-json\/wp\/v2\/pages"}],"about":[{"href":"https:\/\/apl.geoecomar.ro\/euroleasing\/wp-json\/wp\/v2\/types\/page"}],"author":[{"embeddable":true,"href":"https:\/\/apl.geoecomar.ro\/euroleasing\/wp-json\/wp\/v2\/users\/1"}],"replies":[{"embeddable":true,"href":"https:\/\/apl.geoecomar.ro\/euroleasing\/wp-json\/wp\/v2\/comments?post=932"}],"version-history":[{"count":0,"href":"https:\/\/apl.geoecomar.ro\/euroleasing\/wp-json\/wp\/v2\/pages\/932\/revisions"}],"wp:attachment":[{"href":"https:\/\/apl.geoecomar.ro\/euroleasing\/wp-json\/wp\/v2\/media?parent=932"}],"curies":[{"name":"wp","href":"https:\/\/api.w.org\/{rel}","templated":true}]}}